46, w + g = 6*w - 98. What is the highest common divisor of n and w?
4
Let p(h) be the second derivative of -h**5/20 + h**4/4 + h**3/6 - 3*h. Let x be p(3). Suppose -x*u + 6 = -6. Calculate the greatest common divisor of 24 and u.
4
Let u be 3/(-9)*5*-9. What is the highest common factor of 150 and u?
15
Suppose -2*v = 2*x + x - 227, -2*v + 5*x + 267 = 0. Let h be 32/(-6)*9/(-4). Let c be 135/h + 2/(-8). Calculate the greatest common divisor of v and c.
11
Suppose 4 = 2*j - j. Suppose 4*i - 9 = -5*a, -i + 6 = j*i + a. What is the greatest common divisor of i and 11?
1
Let s(r) = 21*r + 12. Let p be s(4). Calculate the greatest common factor of p and 12.
12
Suppose 3 = -3*p + 15. Suppose -m = p - 44. Calculate the highest common factor of 8 and m.
8
Let i = -55 + -26. Let r = i + 121. Suppose 4*o + 0*o = -4*s + 12, 2*o - 18 = 4*s. Calculate the greatest common divisor of r and o.
5
Suppose 0 = -d - 2, -2*m - 3*d - 15 = m. Let p = m + 39. Let o(h) = -4*h**3 - 3*h**2 - 3*h - 2. Let v be o(-2). What is the greatest common divisor of p and v?
12
Let d = -99 + 118. Calculate the highest common divisor of 19 and d.
19
Let o = 37 - 28. Calculate the highest common divisor of o and 99.
9
Suppose 4*r = 320 - 56. Suppose 0 = u - r + 19. Let f = u - 31. Calculate the highest common factor of f and 112.
16
Suppose -4*w = -34 - 2. Let d(n) = -n + 11. Let x be d(w). Suppose x*y + 15 = -5*k + 39, 4*y = 3*k + 48. What is the highest common divisor of y and 132?
12
Suppose -p = 2*b - 19, 4*p + 3*b = -b + 64. Suppose -4*l + 3*w = -404, -5*l + w = 247 - 763. Calculate the greatest common factor of p and l.
13
Suppose -148 = -3*h + 2*r, -21 = -3*h + 4*r + 125. What is the highest common factor of 10 and h?
10
Let u(t) = -t**3 - 7*t**2 - 4*t + 5. Let s be u(-6). Let j be (-3)/(-12) + s/(-4). Let v be 3/3 + 10*j. What is the highest common divisor of v and 7?
7
Suppose 3*z - 5*z + 4*q = 0, 3*z = -2*q. Suppose z = 2*j - 0 - 10. Calculate the highest common divisor of j and 40.
5
Suppose -2*l + 22 = -2. Calculate the greatest common factor of 4 and l.
4
Let a(b) = b**3 - 6*b**2 - b + 5. Let x be a(6). Let c be (-3 - x)/(-2) - 0. Let r = 6 - c. Calculate the greatest common divisor of 1 and r.
1
Let w(i) = i**2 + 1. Let c(z) = 3*z**3 - 4*z**2 - 2*z - 2. Let f(y) = c(y) + 2*w(y). Let d be f(2). Calculate the highest common divisor of d and 132.
12
Let i(y) = 5*y**3 - 3*y + 2. Let g be i(2). Calculate the highest common divisor of g and 12.
12
Let s(f) = -2*f**2 + 34*f - 12. Let i be s(16). Let l(q) = -71*q - 2. Let v be l(-2). What is the highest common divisor of i and v?
20
Let j = 4 - 2. Suppose 0 = u + 5*u - 48. Calculate the highest common factor of j and u.
2
Let w = -124 + 194. Let b = 27 + -17. What is the highest common factor of w and b?
10
Let y = 3 + 7. Let h be (y/1)/(20/110). What is the highest common factor of 22 and h?
11
Let j be (-3)/(-30)*-6*-10. Let u(r) = -r**2 + 9*r - 9. Let p be u(j). What is the greatest common divisor of p and 27?
9
Let z = 14 - 7. Let c(j) = j**3 - 6*j**2 - 9. Let v be c(z). What is the greatest common factor of 8 and v?
8
Let o(v) = v**3 + 9*v**2 - v - 12. Let p be o(-9). Let d = 6 + p. Suppose -4*w + 2*w - 28 = -d*s, 0 = -w - 5. Calculate the highest common factor of 12 and s.
6
Let x(v) = -2*v - 11. Suppose 3*o - 18 = 6*o. Let b be x(o). What is the greatest common factor of b and 5?
1
Suppose m = 17 + 1. Suppose -y + 9 = -0*y. What is the greatest common divisor of m and y?
9
Suppose 4*j - 10 = -j. Suppose -3*h + 6 = 0, 3*c = -3*h - 2*h + 130. Suppose 3*b = -2*b + c. Calculate the greatest common divisor of j and b.
2
Suppose -2*u = -2*c - c - 154, 4*u = -c + 322. Let b(m) = m**3 + 4*m**2 - m - 2. Let r be b(-3). What is the greatest common divisor of r and u?
10
Let p = 31 - -18. Calculate the greatest common divisor of p and 7.
7
Let h be (40/(-50))/((-4)/10). Suppose -2*n + 4*b + 7 = -b, 4*n + 2*b - h = 0. Let u be 114/10 + (-2)/5. What is the highest common divisor of u and n?
1
Let y = 3 - 3. Let f be (0 + y)/((-4)/(-2)). Suppose f = 4*x - 2*w + 7*w - 6, -5*x + 30 = -5*w. What is the highest common divisor of x and 1?
1
Let w = -6 + 5. Let z be (-24)/(-3) + (-2 - w). Calculate the greatest common divisor of 56 and z.
7
Let r be (48/(-18))/((-2)/9). Let t = 3 + r. Calculate the highest common factor of 15 and t.
15
Suppose -36 = -t - 2*r, -t + 12 = -4*r - 0. Calculate the greatest common divisor of t and 4.
4
Let q(t) = -4*t**2 + 1. Let l be q(-1). Let c be 1*-15*(-2)/l. Let b = c + 15. Calculate the greatest common factor of 35 and b.
5
Let d be 138/5 - 10/(-25). Calculate the highest common factor of 4 and d.
4
Suppose -209 = -5*d + 81. Calculate the highest common divisor of d and 87.
29
Let p = -1 + 4. Suppose p*b - 30 - 3 = 0. Suppose 5*a - 22 = -5*u + 23, 0 = -5*a - 2*u + 51. Calculate the highest common factor of b and a.
11
Let s(x) = -x**2 + 9*x - 5. Let l be s(5). Calculate the highest common divisor of 10 and l.
5
Suppose -4*s = 4*f - 2*f - 76, -2*f + 61 = -s. What is the greatest common divisor of 128 and f?
32
Suppose -3*z + 3*s = 8*s - 26, -5*s = -5. Let h(i) = 41*i**3 + 2. Let k be h(2). Suppose -z*r + k = -2*r. Calculate the highest common factor of 6 and r.
6
Suppose -3*t + 2*x + 118 = -0*x, -5*x - 200 = -5*t. Let c = -9 + t. What is the greatest common factor of c and 319?
29
Suppose y = 5*t + 7, 3*y = -2*y + 2*t + 35. What is the greatest common factor of y and 1?
1
Let p = -24 + 45. Let z = -281 - -295. Calculate the highest common factor of p and z.
7
Suppose -111 + 1 = -5*a. Suppose 3*j - 236 = -71. What is the highest common divisor of j and a?
11
Suppose -2*o + 7 = -11. What is the highest common factor of o and 6?
3
Let m(o) = 28*o - 7. Let g be m(11). What is the highest common factor of g and 43?
43
Suppose -64 = -3*l - l. Let u(w) = -w**3 - 12*w**2 - 21*w + 6. Let t be u(-10). What is the greatest common factor of l and t?
16
Suppose -2*c + 3 = 1. Let x = -15 - -16. Calculate the highest common factor of x and c.
1
Let l be (-9)/3*(4 - 27). Let v = l - 49. Suppose 0 = 3*d - 9, -6*y - 2*d + 11 = -5*y. What is the greatest common divisor of y and v?
5
Suppose -45 = -5*o - 0*o. What is the highest common divisor of 72 and o?
9
Suppose 4*v = 0, -65 = -3*a - 2*v - 179. Let j be a/(-6) - (-1)/(-3). Calculate the greatest common divisor of 42 and j.
6
Let l(s) = 4*s**2 + 7*s + 4. Let v be l(-6). Suppose -n + v = -29. Let i = n + -40. Calculate the greatest common factor of i and 38.
19
Let f(m) = m**2 + 9*m + 11. Let z be f(-11). Calculate the greatest common divisor of 264 and z.
33
Let i be (-152)/(-11) + 4/22. What is the greatest common divisor of i and 154?
14
Suppose 6 + 23 = -3*c - 5*z, -3*c + z = 59. Let r = -11 - c. Let o = 262 + -185. What is the highest common factor of r and o?
7
Let c(v) = 14*v - 2. Let z be c(1). Let s = 111 + -15. What is the highest common factor of z and s?
12
Let z be (1 - 0)*55/11. Let k = 23 - z. Suppose -5*i = -330 - 30. Calculate the highest common divisor of i and k.
18
Let f be 10*((-28)/8)/(-7). Suppose -5*l - 5*d + 79 + 11 = 0, -3*d = 4*l - 74. Calculate the highest common divisor of l and f.
5
Suppose 3*w + 3 = 9. Suppose w*g = -14 + 2. Let b(j) = 2*j**2 + j + 2. Let z be b(g). Calculate the highest common divisor of 17 and z.
17
Let l(f) = -2*f + 23. Let k be l(9). Calculate the highest common divisor of 4 and k.
1
Suppose 4*m = -x - 2*x + 25, 3*m - 5 = -5*x. Suppose 0 = -4*r + 4*c - 25 + 137, 5*r - 142 = 4*c. What is the highest common factor of r and m?
10
Suppose 48 = 3*j - 7*j. Let a be 9/j + 30/8. What is the highest common factor of a and 12?
3
Suppose 4*g + 724 = 4*u - 0*g, 4*g = 5*u - 904. What is the greatest common factor of 72 and u?
36
Suppose 2*z + 2*g = 22, 1 = 4*z - 2*g - 13. What is the highest common divisor of z and 102?
6
Let r be (10/1)/(-1 + 2). Let v = r - 6. Calculate the highest common divisor of v and 16.
4
Suppose 2*o - 3*q = -2 + 4, 4 = 4*o - q. Calculate the highest common factor of 4 and o.
1
Let q be (-2)/8 + 145/4. Calculate the highest common divisor of 9 and q.
9
Suppose 9*v + 64 = 13*v. What is the highest common factor of v and 128?
16
Let i be (-4)/(-6) + 204/18. Calculate the greatest common factor of 6 and i.
6
